{"id":426,"date":"2021-06-21T09:02:06","date_gmt":"2021-06-21T07:02:06","guid":{"rendered":"https:\/\/marinadibogliaco.com\/s\/fahrradverleih\/"},"modified":"2021-11-02T14:55:33","modified_gmt":"2021-11-02T13:55:33","slug":"fahrradverleih","status":"publish","type":"servizio","link":"https:\/\/www.marinadibogliaco.com\/de\/s\/fahrradverleih\/","title":{"rendered":"Fahrradverleih"},"content":{"rendered":"<p>M\u00f6chten Sie Ausfl\u00fcge ins Hinterland oder auf den herrlichen Panoramastra\u00dfen des Gardasees unternehmen? Mit den brandneuen Mtb E-Bikes und Full E-Bikes werden Sie Ihre Ziele problemlos erreichen. Wir k\u00f6nnen auch gef\u00fchrte Ausfl\u00fcge organisieren, die es Ihnen erm\u00f6glichen, Orte in direktem Kontakt mit der Natur zu entdecken.<\/p>\n","protected":false},"featured_media":401,"template":"","class_list":["post-426","servizio","type-servizio","status-publish","has-post-thumbnail","hentry"],"acf":[],"yoast_head":"<!-- This site is optimized with the Yoast SEO plugin v27.2 - https:\/\/yoast.com\/product\/yoast-seo-wordpress\/ -->\n<title>Fahrradverleih Gardasee - Marina di Bogliaco<\/title>\n<meta name=\"description\" content=\"M\u00f6chten Sie Ausfl\u00fcge ins Hinterland oder auf den herrlichen Panoramastra\u00dfen des Gardasees unternehmen? Fahrradverleih am Marina di Bogliaco\" \/>\n<meta name=\"robots\" content=\"index, follow, max-snippet:-1, max-image-preview:large, max-video-preview:-1\" \/>\n<link rel=\"canonical\" href=\"https:\/\/www.marinadibogliaco.com\/de\/s\/fahrradverleih\/\" \/>\n<meta property=\"og:locale\" content=\"de_DE\" \/>\n<meta property=\"og:type\" content=\"article\" \/>\n<meta property=\"og:title\" content=\"Fahrradverleih Gardasee - Marina di Bogliaco\" \/>\n<meta property=\"og:description\" content=\"M\u00f6chten Sie Ausfl\u00fcge ins Hinterland oder auf den herrlichen Panoramastra\u00dfen des Gardasees unternehmen? Fahrradverleih am Marina di Bogliaco\" \/>\n<meta property=\"og:url\" content=\"https:\/\/www.marinadibogliaco.com\/de\/s\/fahrradverleih\/\" \/>\n<meta property=\"og:site_name\" content=\"Marina di Bogliaco\" \/>\n<meta property=\"article:modified_time\" content=\"2021-11-02T13:55:33+00:00\" \/>\n<meta property=\"og:image\" content=\"https:\/\/www.marinadibogliaco.com\/wp-content\/uploads\/2021\/06\/bici.jpg\" \/>\n\t<meta property=\"og:image:width\" content=\"600\" \/>\n\t<meta property=\"og:image:height\" content=\"300\" \/>\n\t<meta property=\"og:image:type\" content=\"image\/jpeg\" \/>\n<meta name=\"twitter:card\" content=\"summary_large_image\" \/>\n<script type=\"application\/ld+json\" class=\"yoast-schema-graph\">{\"@context\":\"https:\/\/schema.org\",\"@graph\":[{\"@type\":\"WebPage\",\"@id\":\"https:\/\/www.marinadibogliaco.com\/de\/s\/fahrradverleih\/\",\"url\":\"https:\/\/www.marinadibogliaco.com\/de\/s\/fahrradverleih\/\",\"name\":\"Fahrradverleih Gardasee - Marina di Bogliaco\",\"isPartOf\":{\"@id\":\"https:\/\/www.marinadibogliaco.com\/#website\"},\"primaryImageOfPage\":{\"@id\":\"https:\/\/www.marinadibogliaco.com\/de\/s\/fahrradverleih\/#primaryimage\"},\"image\":{\"@id\":\"https:\/\/www.marinadibogliaco.com\/de\/s\/fahrradverleih\/#primaryimage\"},\"thumbnailUrl\":\"https:\/\/www.marinadibogliaco.com\/wp-content\/uploads\/2021\/06\/bici.jpg\",\"datePublished\":\"2021-06-21T07:02:06+00:00\",\"dateModified\":\"2021-11-02T13:55:33+00:00\",\"description\":\"M\u00f6chten Sie Ausfl\u00fcge ins Hinterland oder auf den herrlichen Panoramastra\u00dfen des Gardasees unternehmen? Fahrradverleih am Marina di Bogliaco\",\"breadcrumb\":{\"@id\":\"https:\/\/www.marinadibogliaco.com\/de\/s\/fahrradverleih\/#breadcrumb\"},\"inLanguage\":\"de-DE\",\"potentialAction\":[{\"@type\":\"ReadAction\",\"target\":[\"https:\/\/www.marinadibogliaco.com\/de\/s\/fahrradverleih\/\"]}]},{\"@type\":\"ImageObject\",\"inLanguage\":\"de-DE\",\"@id\":\"https:\/\/www.marinadibogliaco.com\/de\/s\/fahrradverleih\/#primaryimage\",\"url\":\"https:\/\/www.marinadibogliaco.com\/wp-content\/uploads\/2021\/06\/bici.jpg\",\"contentUrl\":\"https:\/\/www.marinadibogliaco.com\/wp-content\/uploads\/2021\/06\/bici.jpg\",\"width\":600,\"height\":300},{\"@type\":\"BreadcrumbList\",\"@id\":\"https:\/\/www.marinadibogliaco.com\/de\/s\/fahrradverleih\/#breadcrumb\",\"itemListElement\":[{\"@type\":\"ListItem\",\"position\":1,\"name\":\"Home\",\"item\":\"https:\/\/www.marinadibogliaco.com\/de\/\"},{\"@type\":\"ListItem\",\"position\":2,\"name\":\"Fahrradverleih\"}]},{\"@type\":\"WebSite\",\"@id\":\"https:\/\/www.marinadibogliaco.com\/#website\",\"url\":\"https:\/\/www.marinadibogliaco.com\/\",\"name\":\"Marina di Bogliaco\",\"description\":\"Un nuovo sito targato WordPress\",\"publisher\":{\"@id\":\"https:\/\/www.marinadibogliaco.com\/#organization\"},\"potentialAction\":[{\"@type\":\"SearchAction\",\"target\":{\"@type\":\"EntryPoint\",\"urlTemplate\":\"https:\/\/www.marinadibogliaco.com\/?s={search_term_string}\"},\"query-input\":{\"@type\":\"PropertyValueSpecification\",\"valueRequired\":true,\"valueName\":\"search_term_string\"}}],\"inLanguage\":\"de-DE\"},{\"@type\":\"Organization\",\"@id\":\"https:\/\/www.marinadibogliaco.com\/#organization\",\"name\":\"Marina di Bogliaco\",\"url\":\"https:\/\/www.marinadibogliaco.com\/\",\"logo\":{\"@type\":\"ImageObject\",\"inLanguage\":\"de-DE\",\"@id\":\"https:\/\/www.marinadibogliaco.com\/#\/schema\/logo\/image\/\",\"url\":\"https:\/\/www.marinadibogliaco.com\/wp-content\/uploads\/2021\/06\/MicrosoftTeams-image-5.png\",\"contentUrl\":\"https:\/\/www.marinadibogliaco.com\/wp-content\/uploads\/2021\/06\/MicrosoftTeams-image-5.png\",\"width\":64,\"height\":64,\"caption\":\"Marina di Bogliaco\"},\"image\":{\"@id\":\"https:\/\/www.marinadibogliaco.com\/#\/schema\/logo\/image\/\"}}]}<\/script>\n<!-- \/ Yoast SEO plugin. -->","yoast_head_json":{"title":"Fahrradverleih Gardasee - Marina di Bogliaco","description":"M\u00f6chten Sie Ausfl\u00fcge ins Hinterland oder auf den herrlichen Panoramastra\u00dfen des Gardasees unternehmen? Fahrradverleih am Marina di Bogliaco","robots":{"index":"index","follow":"follow","max-snippet":"max-snippet:-1","max-image-preview":"max-image-preview:large","max-video-preview":"max-video-preview:-1"},"canonical":"https:\/\/www.marinadibogliaco.com\/de\/s\/fahrradverleih\/","og_locale":"de_DE","og_type":"article","og_title":"Fahrradverleih Gardasee - Marina di Bogliaco","og_description":"M\u00f6chten Sie Ausfl\u00fcge ins Hinterland oder auf den herrlichen Panoramastra\u00dfen des Gardasees unternehmen? Fahrradverleih am Marina di Bogliaco","og_url":"https:\/\/www.marinadibogliaco.com\/de\/s\/fahrradverleih\/","og_site_name":"Marina di Bogliaco","article_modified_time":"2021-11-02T13:55:33+00:00","og_image":[{"width":600,"height":300,"url":"https:\/\/www.marinadibogliaco.com\/wp-content\/uploads\/2021\/06\/bici.jpg","type":"image\/jpeg"}],"twitter_card":"summary_large_image","schema":{"@context":"https:\/\/schema.org","@graph":[{"@type":"WebPage","@id":"https:\/\/www.marinadibogliaco.com\/de\/s\/fahrradverleih\/","url":"https:\/\/www.marinadibogliaco.com\/de\/s\/fahrradverleih\/","name":"Fahrradverleih Gardasee - Marina di Bogliaco","isPartOf":{"@id":"https:\/\/www.marinadibogliaco.com\/#website"},"primaryImageOfPage":{"@id":"https:\/\/www.marinadibogliaco.com\/de\/s\/fahrradverleih\/#primaryimage"},"image":{"@id":"https:\/\/www.marinadibogliaco.com\/de\/s\/fahrradverleih\/#primaryimage"},"thumbnailUrl":"https:\/\/www.marinadibogliaco.com\/wp-content\/uploads\/2021\/06\/bici.jpg","datePublished":"2021-06-21T07:02:06+00:00","dateModified":"2021-11-02T13:55:33+00:00","description":"M\u00f6chten Sie Ausfl\u00fcge ins Hinterland oder auf den herrlichen Panoramastra\u00dfen des Gardasees unternehmen? Fahrradverleih am Marina di Bogliaco","breadcrumb":{"@id":"https:\/\/www.marinadibogliaco.com\/de\/s\/fahrradverleih\/#breadcrumb"},"inLanguage":"de-DE","potentialAction":[{"@type":"ReadAction","target":["https:\/\/www.marinadibogliaco.com\/de\/s\/fahrradverleih\/"]}]},{"@type":"ImageObject","inLanguage":"de-DE","@id":"https:\/\/www.marinadibogliaco.com\/de\/s\/fahrradverleih\/#primaryimage","url":"https:\/\/www.marinadibogliaco.com\/wp-content\/uploads\/2021\/06\/bici.jpg","contentUrl":"https:\/\/www.marinadibogliaco.com\/wp-content\/uploads\/2021\/06\/bici.jpg","width":600,"height":300},{"@type":"BreadcrumbList","@id":"https:\/\/www.marinadibogliaco.com\/de\/s\/fahrradverleih\/#breadcrumb","itemListElement":[{"@type":"ListItem","position":1,"name":"Home","item":"https:\/\/www.marinadibogliaco.com\/de\/"},{"@type":"ListItem","position":2,"name":"Fahrradverleih"}]},{"@type":"WebSite","@id":"https:\/\/www.marinadibogliaco.com\/#website","url":"https:\/\/www.marinadibogliaco.com\/","name":"Marina di Bogliaco","description":"Un nuovo sito targato WordPress","publisher":{"@id":"https:\/\/www.marinadibogliaco.com\/#organization"},"potentialAction":[{"@type":"SearchAction","target":{"@type":"EntryPoint","urlTemplate":"https:\/\/www.marinadibogliaco.com\/?s={search_term_string}"},"query-input":{"@type":"PropertyValueSpecification","valueRequired":true,"valueName":"search_term_string"}}],"inLanguage":"de-DE"},{"@type":"Organization","@id":"https:\/\/www.marinadibogliaco.com\/#organization","name":"Marina di Bogliaco","url":"https:\/\/www.marinadibogliaco.com\/","logo":{"@type":"ImageObject","inLanguage":"de-DE","@id":"https:\/\/www.marinadibogliaco.com\/#\/schema\/logo\/image\/","url":"https:\/\/www.marinadibogliaco.com\/wp-content\/uploads\/2021\/06\/MicrosoftTeams-image-5.png","contentUrl":"https:\/\/www.marinadibogliaco.com\/wp-content\/uploads\/2021\/06\/MicrosoftTeams-image-5.png","width":64,"height":64,"caption":"Marina di Bogliaco"},"image":{"@id":"https:\/\/www.marinadibogliaco.com\/#\/schema\/logo\/image\/"}}]}},"_links":{"self":[{"href":"https:\/\/www.marinadibogliaco.com\/de\/wp-json\/wp\/v2\/servizio\/426","targetHints":{"allow":["GET"]}}],"collection":[{"href":"https:\/\/www.marinadibogliaco.com\/de\/wp-json\/wp\/v2\/servizio"}],"about":[{"href":"https:\/\/www.marinadibogliaco.com\/de\/wp-json\/wp\/v2\/types\/servizio"}],"wp:featuredmedia":[{"embeddable":true,"href":"https:\/\/www.marinadibogliaco.com\/de\/wp-json\/wp\/v2\/media\/401"}],"wp:attachment":[{"href":"https:\/\/www.marinadibogliaco.com\/de\/wp-json\/wp\/v2\/media?parent=426"}],"curies":[{"name":"wp","href":"https:\/\/api.w.org\/{rel}","templated":true}]}}

<p>Möchten Sie Ausflüge ins Hinterland oder auf den herrlichen Panoramastraßen des Gardasees unternehmen? Mit den brandneuen Mtb E-Bikes und Full E-Bikes werden Sie Ihre Ziele problemlos erreichen. Wir können auch geführte Ausflüge organisieren, die es Ihnen ermöglichen, Orte in direktem Kontakt mit der Natur zu entdecken.</p>

<!-- This site is optimized with the Yoast SEO plugin v27.2 - https://yoast.com/product/yoast-seo-wordpress/ -->
<title>Fahrradverleih Gardasee - Marina di Bogliaco</title>
<meta name="description" content="Möchten Sie Ausflüge ins Hinterland oder auf den herrlichen Panoramastraßen des Gardasees unternehmen? Fahrradverleih am Marina di Bogliaco" />
<meta name="robots" content="index, follow, max-snippet:-1, max-image-preview:large, max-video-preview:-1" />
<link rel="canonical" href="https://www.marinadibogliaco.com/de/s/fahrradverleih/" />
<meta property="og:locale" content="de_DE" />
<meta property="og:type" content="article" />
<meta property="og:title" content="Fahrradverleih Gardasee - Marina di Bogliaco" />
<meta property="og:description" content="Möchten Sie Ausflüge ins Hinterland oder auf den herrlichen Panoramastraßen des Gardasees unternehmen? Fahrradverleih am Marina di Bogliaco" />
<meta property="og:url" content="https://www.marinadibogliaco.com/de/s/fahrradverleih/" />
<meta property="og:site_name" content="Marina di Bogliaco" />
<meta property="article:modified_time" content="2021-11-02T13:55:33+00:00" />
<meta property="og:image" content="https://www.marinadibogliaco.com/wp-content/uploads/2021/06/bici.jpg" />
	<meta property="og:image:width" content="600" />
	<meta property="og:image:height" content="300" />
	<meta property="og:image:type" content="image/jpeg" />
<meta name="twitter:card" content="summary_large_image" />
<script type="application/ld+json" class="yoast-schema-graph">{"@context":"https://schema.org","@graph":[{"@type":"WebPage","@id":"https://www.marinadibogliaco.com/de/s/fahrradverleih/","url":"https://www.marinadibogliaco.com/de/s/fahrradverleih/","name":"Fahrradverleih Gardasee - Marina di Bogliaco","isPartOf":{"@id":"https://www.marinadibogliaco.com/#website"},"primaryImageOfPage":{"@id":"https://www.marinadibogliaco.com/de/s/fahrradverleih/#primaryimage"},"image":{"@id":"https://www.marinadibogliaco.com/de/s/fahrradverleih/#primaryimage"},"thumbnailUrl":"https://www.marinadibogliaco.com/wp-content/uploads/2021/06/bici.jpg","datePublished":"2021-06-21T07:02:06+00:00","dateModified":"2021-11-02T13:55:33+00:00","description":"Möchten Sie Ausflüge ins Hinterland oder auf den herrlichen Panoramastraßen des Gardasees unternehmen? Fahrradverleih am Marina di Bogliaco","breadcrumb":{"@id":"https://www.marinadibogliaco.com/de/s/fahrradverleih/#breadcrumb"},"inLanguage":"de-DE","potentialAction":[{"@type":"ReadAction","target":["https://www.marinadibogliaco.com/de/s/fahrradverleih/"]}]},{"@type":"ImageObject","inLanguage":"de-DE","@id":"https://www.marinadibogliaco.com/de/s/fahrradverleih/#primaryimage","url":"https://www.marinadibogliaco.com/wp-content/uploads/2021/06/bici.jpg","contentUrl":"https://www.marinadibogliaco.com/wp-content/uploads/2021/06/bici.jpg","width":600,"height":300},{"@type":"BreadcrumbList","@id":"https://www.marinadibogliaco.com/de/s/fahrradverleih/#breadcrumb","itemListElement":[{"@type":"ListItem","position":1,"name":"Home","item":"https://www.marinadibogliaco.com/de/"},{"@type":"ListItem","position":2,"name":"Fahrradverleih"}]},{"@type":"WebSite","@id":"https://www.marinadibogliaco.com/#website","url":"https://www.marinadibogliaco.com/","name":"Marina di Bogliaco","description":"Un nuovo sito targato WordPress","publisher":{"@id":"https://www.marinadibogliaco.com/#organization"},"potentialAction":[{"@type":"SearchAction","target":{"@type":"EntryPoint","urlTemplate":"https://www.marinadibogliaco.com/?s={search_term_string}"},"query-input":{"@type":"PropertyValueSpecification","valueRequired":true,"valueName":"search_term_string"}}],"inLanguage":"de-DE"},{"@type":"Organization","@id":"https://www.marinadibogliaco.com/#organization","name":"Marina di Bogliaco","url":"https://www.marinadibogliaco.com/","logo":{"@type":"ImageObject","inLanguage":"de-DE","@id":"https://www.marinadibogliaco.com/#/schema/logo/image/","url":"https://www.marinadibogliaco.com/wp-content/uploads/2021/06/MicrosoftTeams-image-5.png","contentUrl":"https://www.marinadibogliaco.com/wp-content/uploads/2021/06/MicrosoftTeams-image-5.png","width":64,"height":64,"caption":"Marina di Bogliaco"},"image":{"@id":"https://www.marinadibogliaco.com/#/schema/logo/image/"}}]}</script>
<!-- / Yoast SEO plugin. -->

Möchten Sie Ausflüge ins Hinterland oder auf den herrlichen Panoramastraßen des Gardasees unternehmen? Fahrradverleih am Marina di Bogliaco
